he units digit of 1200?
0
What is the units digit of 2348?
8
What is the units digit of 34271?
1
What is the tens digit of 2015?
1
What is the tens digit of 1271?
7
What is the tens digit of 282?
8
What is the tens digit of 14526?
2
What is the hundreds digit of 2746?
7
What is the hundreds digit of 914?
9
What is the thousands digit of 5781?
5
What is the tens digit of 1269?
6
What is the hundreds digit of 6279?
2
What is the thousands digit of 10781?
0
What is the units digit of 665?
5
What is the units digit of 32443?
3
What is the thousands digit of 2010?
2
What is the thousands digit of 26737?
6
What is the hundreds digit of 3896?
8
What is the ten thousands digit of 54242?
5
What is the tens digit of 1103?
0
What is the units digit of 18314?
4
What is the ten thousands digit of 30239?
3
What is the units digit of 9186?
6
What is the thousands digit of 9273?
9
What is the units digit of 10631?
1
What is the hundreds digit of 1074?
0
What is the hundreds digit of 2538?
5
What is the hundreds digit of 42719?
7
What is the tens digit of 15928?
2
What is the hundreds digit of 820?
8
What is the hundreds digit of 3063?
0
What is the hundreds digit of 9985?
9
What is the ten thousands digit of 12825?
1
What is the units digit of 4648?
8
What is the thousands digit of 3486?
3
What is the tens digit of 947?
4
What is the hundreds digit of 409?
4
What is the thousands digit of 13643?
3
What is the hundreds digit of 544?
5
What is the hundreds digit of 43699?
6
What is the thousands digit of 2297?
2
What is the units digit of 2026?
6
What is the tens digit of 159?
5
What is the thousands digit of 1049?
1
What is the units digit of 549?
9
What is the tens digit of 92045?
4
What is the hundreds digit of 28814?
8
What is the hundreds digit of 94586?
5
What is the tens digit of 7871?
7
What is the tens digit of 15423?
2
What is the units digit of 86?
6
What is the ten thousands digit of 73833?
7
What is the thousands digit of 2624?
2
What is the thousands digit of 2767?
2
What is the thousands digit of 10065?
0
What is the hundreds digit of 1171?
1
What is the tens digit of 92484?
8
What is the hundreds digit of 23491?
4
What is the thousands digit of 2247?
2
What is the thousands digit of 9998?
9
What is the tens digit of 23756?
5
What is the thousands digit of 3919?
3
What is the units digit of 38750?
0
What is the thousands digit of 2346?
2
What is the thousands digit of 8858?
8
What is the thousands digit of 1902?
1
What is the units digit of 369?
9
What is the units digit of 17273?
3
What is the tens digit of 171?
7
What is the units digit of 1581?
1
What is the tens digit of 535?
3
What is the tens digit of 341?
4
What is the tens digit of 336?
3
What is the hundreds digit of 101033?
0
What is the units digit of 589?
9
What is the thousands digit of 72460?
2
What is the tens digit of 30881?
8
What is the hundreds digit of 12202?
2
What is the thousands digit of 34966?
4
What is the hundreds digit of 84555?
5
What is the units digit of 6075?
5
What is the units digit of 7892?
2
What is the tens digit of 10747?
4
What is the hundreds digit of 86335?
3
What is the hundreds digit of 10488?
4
What is the thousands digit of 4627?
4
What is the thousands digit of 44325?
4
What is the hundreds digit of 7272?
2
What is the tens digit of 160?
6
What is the hundreds digit of 21688?
6
What is the units digit of 50142?
2
What is the units digit of 1172?
2
What is the hundreds digit of 641?
6
What is the hundreds digit of 362?
3
What is the units digit of 7?
7
What is the units digit of 1083?
3
What is the hundreds digit of 48554?
5
What is the units digit of 7772?
2
What is the units digit of 8706?
6
What is the units digit of 46166?
6
What is the hundreds digit of 1798?
7
What is the units digit of 9154?
4
What is the units digit of 3501?
1
What is the thousands digit of 26059?
6
What is the thousands digit of 11205?
1
What is the hundreds digit of 115?
1
What is the thousands digit of 4343?
4
What is the units digit of 2122?
2
What is the ten thousands digit of 23564?
2
What is the tens digit of 6560?
6
What is the hundreds digit of 507?
5
What is the units digit of 708?
8
What is the hundreds digit of 17027?
0
What is the hundreds digit of 13794?
7
What is the thousands digit of 1256?
1
What is the thousands digit of 6050?
6
What is the units digit of 7190?
0
What is the tens digit of 22048?
4
What is the tens digit of 1323?
2
What is the tens digit of 1046?
4
What is the thousands digit of 9266?
9
What is the ten thousands digit of 24054?
2
What is the tens digit of 428?
2
What is the hundreds digit of 1543?
5
What is the thousands digit of 1961?
1
What is the tens digit of 2838?
3
What is the units digit of 1271?
1
What is the ten thousands digit of 26079?
2
What is the hundreds digit of 3528?
5
What is the units digit of 9231?
1
What is the tens digit of 4756?
5
What is the tens digit of 8199?
9
What is the hundreds digit of 965?
9
What is the thousands digit of 62552?
2
What is the tens digit of 2403?
0
What is the units digit of 58554?
4
What is the hundreds digit of 87549?
5
What is the units digit of 19241?
1
What is the units digit of 985?
5
What is the units digit of 51337?
7
What is the units digit of 15978?
8
What is the tens digit of 9506?
0
What is the ten thousands digit of 186397?
8
What is the thousands digit of 15936?
5
What is the units digit of 5189?
9
What is the units digit of 48146?
6
What is the hundreds digit of 3551?
5
What is the thousands digit of 25002?
5
What is the units digit of 118?
8
What is the thousands digit of 6381?
6
What is the tens digit of 79194?
9
What is the tens digit of 1610?
1
What is the units digit of 1372?
2
What is the hundreds digit of 531?
5
What is the units digit of 15587?
7
What is the units digit of 3700?
0
What is the thousands digit of 91591?
1
What is the tens digit of 199355?
5
What is the hundreds digit of 3582?
5
What is the thousands digit of 7349?
7
What is the thousands digit of 96924?
6
What is the units digit of 13062?
2
What is the thousands digit of 6950?
6
What is the units digit of 14773?
3
What is the tens digit of 54321?
2
What is the hundreds digit of 1061?
0
What is the thousands digit of 1404?
1
What is the tens digit of 765?
6
What is the hundred thousands digit of 120536?
1
What is the tens digit of 7427?
2
What is the thousands digit of 8039?
8
What is the tens digit of 40081?
8
What is the hundreds digit of 54136?
1
What is the units digit of 4746?
6
What is the tens digit of 34012?
1
What is the hundreds digit of 540?
5
What is the thousands digit of 8595?
8
What is the units digit of 75117?
7
What is the thousands digit of 2023?
2
What is the tens digit of 1820?
2
What is the tens digit of 462?
6
What is the units digit of 5690?
0
What is the tens digit of 2101?
0
What is the units digit of 6262?
2
What is the thousands digit of 39760?
9
What is the tens digit of 14515?
1
What is the hundreds digit of 1213?
2
What is the hundreds digit of 1373?
3
What is the tens digit of 609?
0
What is the ten thousands digit of 10995?
1
What is the thousands digit of 3779?
3
What is the hundreds digit of 137?
1
What is the units digit of 12474?
4
What is the tens digit of 230?
3
What is the hundreds digit of 1626?
6
What is the tens digit of 3710?
1
What is the ten thousands digit of 31306?
3
What is the tens digit of 709?
0
What is the tens digit of 56266?
6
What is the hundreds digit of 3745?
7
What is the hundreds digit of 52194?
1
What is the tens digit of 5383?
8
What is the tens digit of 30?
3
What is the thousands digit of 11808?
1
What is the units digit of 158?
8
What is the tens digit of 1012?
1
What is the tens digit of 1161?
6
What is the thousands digit of 97367?
7
What is the hundreds digit of 708?
7
What is the tens digit of 1932?
3
What is the thousands digit of 2236?
2
What is the hundreds digit of 30374?
3
What is the hundreds digit of 729?
7
What is the tens digit of 2427?
2
What is the tens digit of 12763?
6
What is the hundreds digit of 4489?
4
What is the thousands digit of 1572?
1
What is the tens digit of 875?
7
What is the hundreds digit of 393?
3
What is the hundreds digit of 1602?
6
What is the units digit of 4416?
6
What is the units digit of 7462?
2
What is